{"id":5931,"date":"2026-01-28T14:08:16","date_gmt":"2026-01-28T13:08:16","guid":{"rendered":"https:\/\/gtwp.gesundheitsticket.de\/?page_id=5931"},"modified":"2026-01-28T14:12:05","modified_gmt":"2026-01-28T13:12:05","slug":"partnerprogramm","status":"publish","type":"page","link":"https:\/\/gtwp.gesundheitsticket.de\/index.php\/partnerprogramm\/","title":{"rendered":"Partnerprogramm"},"content":{"rendered":"\t\t<div data-elementor-type=\"wp-page\" data-elementor-id=\"5931\" class=\"elementor elementor-5931\" data-elementor-post-type=\"page\">\n\t\t\t\t<div class=\"elementor-element elementor-element-65e39ea e-flex e-con-boxed e-con e-parent\" data-id=\"65e39ea\" data-element_type=\"container\" data-e-type=\"container\">\n\t\t\t\t\t<div class=\"e-con-inner\">\n\t\t\t\t<div class=\"elementor-element elementor-element-2c182ca elementor-widget elementor-widget-spacer\" data-id=\"2c182ca\" data-element_type=\"widget\" data-e-type=\"widget\" data-widget_type=\"spacer.default\">\n\t\t\t\t<div class=\"elementor-widget-container\">\n\t\t\t\t\t\t\t<div class=\"elementor-spacer\">\n\t\t\t<div class=\"elementor-spacer-inner\"><\/div>\n\t\t<\/div>\n\t\t\t\t\t\t<\/div>\n\t\t\t\t<\/div>\n\t\t\t\t\t<\/div>\n\t\t\t\t<\/div>\n\t\t<div class=\"elementor-element elementor-element-77948ac e-flex e-con-boxed e-con e-parent\" data-id=\"77948ac\" data-element_type=\"container\" data-e-type=\"container\">\n\t\t\t\t\t<div class=\"e-con-inner\">\n\t\t\t\t<div class=\"elementor-element elementor-element-59850bc elementor-widget elementor-widget-heading\" data-id=\"59850bc\" data-element_type=\"widget\" data-e-type=\"widget\" data-widget_type=\"heading.default\">\n\t\t\t\t<div class=\"elementor-widget-container\">\n\t\t\t\t\t<h2 class=\"elementor-heading-title elementor-size-default\">Partnerprogramm<\/h2>\t\t\t\t<\/div>\n\t\t\t\t<\/div>\n\t\t\t\t\t<\/div>\n\t\t\t\t<\/div>\n\t\t<div class=\"elementor-element elementor-element-f91536b e-flex e-con-boxed e-con e-parent\" data-id=\"f91536b\" data-element_type=\"container\" data-e-type=\"container\">\n\t\t\t\t\t<div class=\"e-con-inner\">\n\t\t\t\t<div class=\"elementor-element elementor-element-d54c419 elementor-widget elementor-widget-text-editor\" data-id=\"d54c419\" data-element_type=\"widget\" data-e-type=\"widget\" data-widget_type=\"text-editor.default\">\n\t\t\t\t<div class=\"elementor-widget-container\">\n\t\t\t\t\t\t\t\t\t<h6>Partizipieren Sie am Erfolg unseres Unternehmens!<\/h6><p><strong>Werden Sie Vertriebspartner unseres Win-Win-Netzwerkes!<\/strong><\/p><p>Ob Sie bereits Partner unseres Netzwerkes sind und das GesundheitsTicket Ihren Kunden und Patienten empfehlen wollen oder ob Sie Unternehmensberater oder Makler sind &#8211; Sie empfehlen in einer guten und gesunden Sache.<\/p><p>Das macht unser Win-Win-Netzwerk aus und deshalb beteiligen wir Sie gerne an unserem Umsatz f\u00fcr jeden erfolgreich vermittelten Gesch\u00e4ftsabschluss.<\/p><p>Registrieren Sie sich einfach bei uns als Vermittler und wir senden Ihnen umgehend unsere Vertragsunterlagen zu.<\/p><p><a class=\"btn-gt\" href=\"https:\/\/www.gesundheitsticket.de\/info\/kontakt\">Jetzt Unterlagen zum Partnerprogramm anfordern!<\/a><\/p><p><strong>Werden Sie Werbepartner unseres Unternehmens<\/strong><\/p><p>Viele unserer Kunden und Ticketinhaber fragen uns nach Empfehlungen zu ihren Gesundheits- und Pr\u00e4ventionsprogrammen.<\/p><p>Dabei geht es mal um den passenden Partner f\u00fcr das Absicherung von Mitarbeitern im Falle eines Unfalles, mal um versicherungs- oder steuerrechtliche Fragen aber auch um die nachhaltig hergestellte Yogamatte, gr\u00fcne Lifestyle- und Ern\u00e4hrungsprodukte oder welche Sportmethode die richtige f\u00fcr einen ist und wir man daf\u00fcr den passenden Personaltrainer findet.<\/p><p>Wir haben uns deshalb entschlossen, mit ausgew\u00e4hlten Partnern zusammenzuarbeiten, deren Produkte wir f\u00fcr unsere Kunden und Partner als brauchbar erachten und hinter deren \u00dcberzeugungen und Unternehmensphilosophien wir stehen k\u00f6nnen.<\/p><p>Falls Sie als Werbepartner hierbei mit uns zusammenarbeiten m\u00f6chten, freuen wir uns \u00fcber Ihre Anfrage per E-Mail.<\/p><p>F\u00fcr Anfragen senden Sie uns bitte eine E-Mail an: <a href=\"mailto:partnerprogramm@betriebliches-gesundheitsticket.de\">partnerprogramm@betriebliches-gesundheitsticket.de<\/a>.<\/p><p><strong>Wir freuen uns auf eine langj\u00e4hrige und erfolgreiche Zusammenarbeit!<\/strong><\/p>\t\t\t\t\t\t\t\t<\/div>\n\t\t\t\t<\/div>\n\t\t\t\t\t<\/div>\n\t\t\t\t<\/div>\n\t\t<div class=\"elementor-element elementor-element-2cace2e e-flex e-con-boxed e-con e-parent\" data-id=\"2cace2e\" data-element_type=\"container\" data-e-type=\"container\">\n\t\t\t\t\t<div class=\"e-con-inner\">\n\t\t\t\t<div class=\"elementor-element elementor-element-89f90c6 elementor-widget elementor-widget-spacer\" data-id=\"89f90c6\" data-element_type=\"widget\" data-e-type=\"widget\" data-widget_type=\"spacer.default\">\n\t\t\t\t<div class=\"elementor-widget-container\">\n\t\t\t\t\t\t\t<div class=\"elementor-spacer\">\n\t\t\t<div class=\"elementor-spacer-inner\"><\/div>\n\t\t<\/div>\n\t\t\t\t\t\t<\/div>\n\t\t\t\t<\/div>\n\t\t\t\t\t<\/div>\n\t\t\t\t<\/div>\n\t\t\t\t<\/div>\n\t\t","protected":false},"excerpt":{"rendered":"<p>Partnerprogramm Partizipieren Sie am Erfolg unseres Unternehmens! Werden Sie Vertriebspartner unseres Win-Win-Netzwerkes! Ob Sie bereits Partner unseres Netzwerkes sind und das GesundheitsTicket Ihren Kunden und Patienten empfehlen wollen oder ob Sie Unternehmensberater oder Makler sind &#8211; Sie empfehlen in einer guten und gesunden Sache. Das macht unser Win-Win-Netzwerk aus und deshalb beteiligen wir Sie gerne [&hellip;]<\/p>\n","protected":false},"author":1,"featured_media":0,"parent":0,"menu_order":0,"comment_status":"closed","ping_status":"closed","template":"elementor_header_footer","meta":{"_acf_changed":false,"footnotes":""},"class_list":["post-5931","page","type-page","status-publish","hentry"],"blocksy_meta":[],"acf":[],"_links":{"self":[{"href":"https:\/\/gtwp.gesundheitsticket.de\/index.php\/wp-json\/wp\/v2\/pages\/5931","targetHints":{"allow":["GET"]}}],"collection":[{"href":"https:\/\/gtwp.gesundheitsticket.de\/index.php\/wp-json\/wp\/v2\/pages"}],"about":[{"href":"https:\/\/gtwp.gesundheitsticket.de\/index.php\/wp-json\/wp\/v2\/types\/page"}],"author":[{"embeddable":true,"href":"https:\/\/gtwp.gesundheitsticket.de\/index.php\/wp-json\/wp\/v2\/users\/1"}],"replies":[{"embeddable":true,"href":"https:\/\/gtwp.gesundheitsticket.de\/index.php\/wp-json\/wp\/v2\/comments?post=5931"}],"version-history":[{"count":7,"href":"https:\/\/gtwp.gesundheitsticket.de\/index.php\/wp-json\/wp\/v2\/pages\/5931\/revisions"}],"predecessor-version":[{"id":5938,"href":"https:\/\/gtwp.gesundheitsticket.de\/index.php\/wp-json\/wp\/v2\/pages\/5931\/revisions\/5938"}],"wp:attachment":[{"href":"https:\/\/gtwp.gesundheitsticket.de\/index.php\/wp-json\/wp\/v2\/media?parent=5931"}],"curies":[{"name":"wp","href":"https:\/\/api.w.org\/{rel}","templated":true}]}}